derivative of f**2/2 - 14*f - 14. Let x be s(9). List the prime factors of (-4)/(-10) - 188/x.
2, 19
Suppose 72*z - 123 - 112 = -19. Suppose -3*x = -a + 172, 0*a - 2*x = 5*a - 775. Suppose -o - a = -w - 4*o, 3*o + z = 0. List the prime factors of w.
2, 5
Let i = 55 - 92. Suppose 2*c + k - 133 = 0, 3*c + k + 4*k = 203. Let d = c + i. List the prime factors of d.
29
List the prime factors of (102/(-10))/(17/(-595)).
3, 7, 17
Let l(o) = -20*o + 116. Let t = -605 - -591. List the prime factors of l(t).
2, 3, 11
Let m = 65 - 54. Suppose -2920 = 7*c - m*c. List the prime factors of c.
2, 5, 73
Let c be ((-8)/(-6))/((-3)/(-72)). Suppose -4*h = 2*l - c, -2*l - 2*h = 2*l - 34. Suppose 4*s - 191 = 5*v, s + l*v - 29 = v. List the prime factors of s.
2, 11
List the prime factors of (-5826 + -1)/(0 + 4 + (-45)/10).
2, 5827
Let v = -234 - -782. Suppose 0 = 3*z - 802 - v. List the prime factors of z.
2, 3, 5
Let v be 3/(54/4) - 215/(-45). Suppose 4*m - v*u + 68 = 274, 6 = 3*u. What are the prime factors of m?
2, 3
Let l(u) = -u**2 - 7*u + 1. Let g be (6/(-4))/(6 - 44/8). What are the prime factors of l(g)?
13
Let p = -111 - -113. Suppose 0 = -5*f - g - p*g - 1152, 0 = 2*f - g + 463. What are the prime factors of f/28*16/(-3)?
2, 11
Let c(i) = 19*i**2 - 36*i - 1394. List the prime factors of c(-26).
2, 11, 563
Suppose 6*f - 8*f = -y - 10, -3*y = -4*f + 24. Suppose z + 2*s = 58, 2*z + 137 = 4*z - f*s. List the prime factors of z/10*(-210)/(-12).
2, 7
Let y(u) = -21*u**3 + 11*u**2 + 128*u - 333. List the prime factors of y(-14).
5, 13, 887
Let l = -32155 + 50579. What are the prime factors of l?
2, 7, 47
What are the prime factors of (-476)/14*(-268)/4?
2, 17, 67
Let b(i) = i**3 + 4*i**2 - 11*i + 13. Let q be b(12). Suppose 4*x + q = 9*x. Suppose x = 3*m + 56. List the prime factors of m.
127
Let i = 16 - 12. Suppose -5*y = -6*y + i. What are the prime factors of (y + -12 - -2)/(3/(-104))?
2, 13
Suppose 5*r - 7 = -f, 3*r - 15 = -4*f + 7*f. Let c = -5 - -8. Suppose 6*b - r*b - c*k = 304, 5*b - 399 = -k. What are the prime factors of b?
79
Suppose 3*h - 450 = -6*h. What are the prime factors of (h/(-75))/(4/(-3762))?
3, 11, 19
Let c = -24783 - -64599. What are the prime factors of c?
2, 3, 7, 79
Suppose -4*m - 2*d - 20 = 0, -5*m - 15 = 4*d + 10. List the prime factors of (-633)/(-6) - (m - 35/(-10)).
107
Suppose 0 = -4*a + s + 14641 + 19196, -5*a - 2*s = -42306. Suppose 3*i - a = -7*i. What are the prime factors of i?
2, 3, 47
What are the prime factors of (12/10)/((-30)/(-273950))?
2, 5479
Suppose -z + 4*g + 2695 = 0, z + 24*g - 22*g = 2725. List the prime factors of z.
3, 5, 181
Let f be 1/((2 - (-15)/10) + -3). What are the prime factors of (2 + (-5)/f)*(-7 - 511)?
7, 37
List the prime factors of (1477836/(-54) - 48)/((-3)/((-18)/(-4))).
17, 41, 59
Let v(f) = -2*f**2 - 9*f - 33. Let g(q) = 3*q**2 + 13*q + 50. Let c(l) = -5*g(l) - 8*v(l). Let b be c(-4). Suppose -3*o + b = -2*o. List the prime factors of o.
2
Let y = -23496 + 33104. List the prime factors of y.
2, 1201
Suppose 70*i = 68*i + 10. Suppose 0*u - 2275 = -i*u. List the prime factors of u.
5, 7, 13
Suppose 6342 = 2*d + h - 1029, 3*d - 4*h = 11062. What are the prime factors of d?
2, 19, 97
Suppose 93*q - 62*q = 775992. List the prime factors of q.
2, 3, 7, 149
Suppose -4114*r + 4110*r = -285544. List the prime factors of r.
2, 7, 5099
Let b be 3*11/(-33) + 1 + 13. Suppose 0 = 5*q - 20, 5*q - b = -s + 27. List the prime factors of s.
2, 5
Suppose 30 = 11*p - 3. Suppose -3*o + o - p*k + 167 = 0, -2 = -2*k. List the prime factors of o.
2, 41
Let g be ((-15)/((-75)/(-2)))/(1/5). Let c be 0 + g*15/(-10). List the prime factors of 5/(c*(-5)/(-735)).
5, 7
Let h(j) = -j**2 - 4*j + 10. Let g be h(-5). Suppose 2*d + 1404 = 4*v, 2*d - 1757 = -g*v + 4*d. What are the prime factors of v?
353
Let j be 10/20 + (-314)/(-4). Suppose 78*s = j*s - 159. List the prime factors of s.
3, 53
Let h(t) be the second derivative of 0 - 17*t**2 + 24*t - 3*t**3 - 1/12*t**4. What are the prime factors of h(-15)?
11
Let d = 137 - 135. List the prime factors of 5 + -11 + d - -199.
3, 5, 13
Suppose -3 = 6*j + 39. Let x = 22 - j. Let k = 132 - x. List the prime factors of k.
103
Let h(w) = 2*w**2 - 2*w - 90. Let u be h(-24). Suppose -3326 = -3*k - 0*k - 5*l, k - u = -3*l. What are the prime factors of k?
3, 41
Let v = 4212 + -2698. Suppose -16*p + v = -102. Let y = 95 + p. List the prime factors of y.
2, 7
Let v(w) = 12*w. Let r be v(-1). Let g = 14 + r. What are the prime factors of ((-23)/6)/(g/(-12))?
23
Let m(h) be the first derivative of h**4/4 - 7*h**3/3 - 4*h + 14. Let g be m(8). Suppose -3*d = -2*d - g. What are the prime factors of d?
2, 3, 5
Let n = 405 + -224. Suppose g - 297 = n. List the prime factors of g.
2, 239
Suppose -8*t + 312746 = 6*t + 55440. What are the prime factors of t?
18379
Let m = -29 - -33. Suppose 0 = -8*p + m*p + 12. Suppose 67 = g + 3*h, 71 = -p*g - 5*h + 260. List the prime factors of g.
2, 29
Let w = -398 + 223. Let t be 5*(-10)/w*7. Suppose -k - 3*k = 2*p - 36, -t*k - 5*p = -2. List the prime factors of k.
11
Let y(s) = 63*s**2 + 11*s + 31. Let z be y(-3). Let o = z - 242. What are the prime factors of o?
17, 19
Suppose 0 = p + 4*i, -p + 2 + 2 = 2*i. Suppose p*j - 104 = 12*j. Let l = j - -36. What are the prime factors of l?
2, 5
Suppose 725 = -7*u + 2860. Let c = 24 + u. Suppose 0 = -4*o + c + 303. List the prime factors of o.
2, 79
Suppose -2*k = -5*w + 6663 + 1342, 0 = 4*k - 3*w + 15975. Let x = 5833 + k. What are the prime factors of x?
19, 97
Let l = -39 - -43. Suppose -2*i + l*i = 3*k + 51, -4*k = -i + 63. List the prime factors of (522/k)/(2/(-5)).
3, 29
Let n = -28 - -24. Let l be ((-1744)/n + 2)/2. Suppose l = 2*a - 3*y, 5*y - 106 = -a - 3. List the prime factors of a.
2, 3
Let y(n) = 9*n**3 + 4*n**2 + 6*n + 49. Let f be y(-6). Let o = -723 - f. List the prime factors of o.
2, 7, 19
List the prime factors of (141596/32)/7 - 1/8.
2, 79
What are the prime factors of 9391 - 3 - (-6 - -46)/(-8)?
3, 31, 101
Suppose 15180 = 36*u - 24024. List the prime factors of u.
3, 11
Let r(t) = 33*t + 2239. What are the prime factors of r(-27)?
2, 337
Suppose -2065*q + 2058*q = -20244. What are the prime factors of q?
2, 3, 241
Suppose -2*d + 7790 + 8305 = -c, -5*d = 2*c - 40242. What are the prime factors of d?
2, 503
Let s = 110 - 107. Suppose -s*q - m + 563 = 0, -4*q + 769 = -0*m + 5*m. List the prime factors of q.
2, 3, 31
Let x = -279 - -195. Let b be x/16*24/(-9). Suppose -3*g = -b - 22. List the prime factors of g.
2, 3
Let p(f) = 5*f**2 + 43*f - 12. Suppose -3*i + 11 = 4*w, -21 = -3*w + 22*i - 20*i. List the prime factors of p(w).
2, 41
What are the prime factors of (-24820)/(-6) + 31/((-558)/12)?
2, 11, 47
Let s be (-36)/(-60) + 2 + 10156/(-10). Let j = 1593 + s. List the prime factors of j.
2, 5, 29
Let g(c) = 7498*c - 8428. List the prime factors of g(8).
2, 12889
Suppose -6492 = -3*q + 5100. Suppose 2*y = -4*y + q. What are the prime factors of y?
2, 7, 23
Let w(g) = -g**2 - 7*g - 10. Let c be w(-4). Suppose c*u - 76 - 40 = 0. Suppose 0 = 5*t + m - 214, -25 = -2*t - 3*m + u. What are the prime factors of t?
43
What are the prime factors of 20436*4/3 - 1*9?
27239
Let g = 22 + -27. Let j(i) = -35*i + 13. Let d be j(g). Let f = 419 - d. What are the prime factors of f?
3, 7, 11
Let d(p) = p**2 - 3*p - 50. Let f be d(9). Suppose 0 = b - 4. Suppose -3*i - 132 = -f*u - b*i, 4*i - 16 = 0. What are the prime factors of u?
2
Suppose -341 = -3*s - 8*s. Suppose -s*l + 8*l + 5980 = 0. List the prime factors of l.
2, 5, 13
Let d(s) = s**3 + 19*s**2 - 5*s - 16. Let m(p) = p**2 - 21*p + 29. Let t be m(19). What are the prime factors of d(t)?
839
Suppose 4*s + 4*j - 32 = 3*s, 2*s = -5*j + 52. Let k be (-60)/s + (-6)/(-8). List the prime factors of (-30)/((k/1)/((-40)/(-10))).
2, 5
List the prime factors of 8/6 - (-260)/(-60) - -8117.
2, 4057
Let s = 2402 - 369. List the prime factors of s.
19, 107
Let l = 8398 + -6260. List the prime factors of l.
2, 1069
Let y = -271 - -929. List the prime factors of y.
2, 7, 47
Suppose -368609 - 168826 = -27*m. What are the prime factors of m?
3, 5, 1327
Let t(y) = 224*y + 290. What are the prime factors of t(36)?
2, 4177
Let x = 87 + -96. Let f(s) = 6*s**2 - s + 16. List 